 common factor of 3440 and 86344.
344
What is the greatest common factor of 19 and 5502419?
19
What is the greatest common factor of 129778 and 27302?
374
Calculate the highest common divisor of 510 and 2910.
30
What is the greatest common divisor of 132 and 6766320?
132
What is the greatest common factor of 3535 and 13720?
35
What is the highest common divisor of 4110 and 163578?
822
Calculate the greatest common divisor of 204 and 9078.
102
What is the highest common divisor of 986206 and 39?
13
Calculate the greatest common factor of 5666803 and 29.
29
What is the highest common divisor of 46080 and 1710?
90
Calculate the greatest common factor of 324 and 1980.
36
Calculate the greatest common divisor of 673179 and 205.
41
What is the greatest common divisor of 13943770 and 530?
530
What is the greatest common divisor of 220 and 16600?
20
Calculate the highest common factor of 1133 and 1918169.
1133
What is the highest common divisor of 8524 and 11?
1
What is the highest common divisor of 151912 and 25691?
1117
Calculate the greatest common divisor of 2662840 and 5.
5
What is the highest common divisor of 2350985 and 455?
455
What is the greatest common divisor of 8342 and 98986?
86
Calculate the greatest common divisor of 285184 and 512.
512
What is the greatest common factor of 510 and 6902?
34
Calculate the greatest common factor of 595 and 1205.
5
Calculate the greatest common divisor of 43 and 16039.
43
What is the greatest common factor of 39710 and 7790?
190
What is the greatest common divisor of 140 and 273160?
20
Calculate the greatest common factor of 6483006 and 9.
9
Calculate the highest common factor of 357637 and 7.
7
What is the greatest common divisor of 6240 and 1443?
39
What is the greatest common divisor of 68 and 511003?
17
What is the greatest common divisor of 628 and 4396?
628
Calculate the greatest common factor of 4200 and 609.
21
What is the highest common divisor of 100 and 119590?
10
What is the greatest common factor of 66 and 890?
2
Calculate the highest common factor of 192 and 209312.
32
Calculate the greatest common factor of 33 and 299849.
11
Calculate the greatest common divisor of 605 and 53810.
5
What is the greatest common divisor of 29115 and 105?
15
Calculate the greatest common divisor of 44342 and 16.
2
What is the highest common factor of 2808 and 109161?
351
Calculate the highest common factor of 54340 and 247.
247
Calculate the highest common divisor of 43306 and 11800.
118
What is the highest common divisor of 32 and 22180?
4
What is the greatest common divisor of 3490 and 2710?
10
What is the highest common divisor of 3336812 and 188?
188
What is the greatest common factor of 884 and 44707?
13
Calculate the highest common divisor of 978446 and 658.
658
What is the greatest common divisor of 96 and 61512?
24
What is the greatest common divisor of 94203 and 1215?
81
Calculate the greatest common divisor of 7548 and 46716.
204
Calculate the greatest common divisor of 60 and 3750.
30
What is the highest common divisor of 2859 and 465?
3
Calculate the greatest common divisor of 50 and 577260.
10
What is the highest common divisor of 21472 and 396?
44
What is the highest common divisor of 804 and 29413?
67
What is the highest common factor of 30587 and 365?
73
Calculate the greatest common factor of 15420 and 700.
20
Calculate the highest common factor of 2374810 and 580.
290
What is the highest common divisor of 20 and 329620?
20
Calculate the greatest common divisor of 10438155 and 273.
273
What is the highest common divisor of 4662 and 1113?
21
Calculate the greatest common divisor of 1052 and 1368652.
1052
Calculate the greatest common factor of 10 and 11144.
2
Calculate the highest common factor of 25 and 4403450.
25
Calculate the greatest common factor of 4293 and 636.
159
What is the highest common divisor of 9452416 and 128?
128
What is the greatest common factor of 21 and 90309?
3
Calculate the highest common factor of 26000 and 380.
20
Calculate the greatest common divisor of 980 and 64720.
20
What is the greatest common divisor of 250 and 108370?
10
What is the greatest common factor of 52164 and 42?
42
Calculate the highest common divisor of 187950 and 84.
42
What is the highest common divisor of 114297 and 3038?
31
Calculate the greatest common factor of 2292667 and 26.
13
What is the highest common factor of 154950 and 1500?
150
What is the highest common factor of 115908 and 104?
52
Calculate the highest common divisor of 2203443 and 891.
891
What is the greatest common divisor of 1184 and 2144?
32
What is the greatest common factor of 246 and 47314?
82
What is the highest common divisor of 23 and 38249?
23
Calculate the highest common factor of 97110 and 45.
45
Calculate the highest common factor of 5922 and 144522.
126
What is the greatest common factor of 252 and 1011?
3
Calculate the highest common divisor of 14409636 and 188.
188
Calculate the greatest common divisor of 1550 and 23560.
310
What is the greatest common factor of 4548 and 1572?
12
Calculate the highest common factor of 64 and 361168.
16
Calculate the highest common divisor of 273884 and 260.
52
What is the greatest common factor of 450 and 4170?
30
What is the highest common factor of 352 and 8558?
22
What is the highest common factor of 640 and 271232?
128
What is the greatest common factor of 11745 and 9715?
145
Calculate the highest common factor of 4118 and 232.
58
Calculate the highest common divisor of 35 and 150283.
7
Calculate the greatest common divisor of 150194 and 1496.
22
Calculate the greatest common factor of 4176 and 285534.
522
Calculate the greatest common factor of 5802 and 906.
6
What is the greatest common divisor of 4032 and 479052?
252
Calculate the greatest common factor of 1564132 and 2540.
508
Calculate the greatest common factor of 145268 and 276.
92
What is the greatest common divisor of 65824 and 160?
32
What is the greatest common divisor of 1593 and 9971?
59
Calculate the highest common factor of 1441 and 795563.
131
Calculate the highest common divisor of 4888 and 728.
104
What is the greatest common factor of 119 and 224791?
119
Calculate the greatest common divisor of 319 and 16385.
29
What is the highest common divisor of 62086 and 5873?
839
Calculate the highest common divisor of 1518 and 64814.
46
What is the greatest common divisor of 3422 and 23482?
118
What is the greatest common factor of 13394 and 129234?
362
What is the greatest common divisor of 3392 and 512?
64
What is the greatest common factor of 76279 and 595?
119
What is the greatest common factor of 251 and 60993?
251
Calculate the greatest common factor of 37185 and 148.
37
What is the highest common factor of 4965 and 96?
3
What is the greatest common factor of 18 and 73989?
9
Calculate the greatest common factor of 12207582 and 18.
18
Calculate the highest common factor of 96896 and 4.
4
Calculate the highest common factor of 928 and 7328.
32
What is the greatest common factor of 452 and 127464?
452
Calculate the highest common divisor of 151264 and 1682.
58
What is the highest common divisor of 1068160 and 1920?
640
Calculate the highest common divisor of 132225 and 1353.
123
Calculate the greatest common factor of 1333 and 9073.
43
Calculate the highest common factor of 1316475 and 5.
5
Calculate the greatest common divisor of 3399629 and 394.
197
What is the greatest common divisor of 215642 and 252?
14
Calculate the highest common factor of 5149 and 1368.
19
What is the highest common divisor of 1 and 145282?
1
Calculate the highest common divisor of 1408 and 255104.
128
Calculate the greatest common factor of 584 and 138116.
292
What is the highest common factor of 755571 and 3?
3
Calculate the highest common divisor of 85224 and 43672.
424
What is the greatest common divisor of 27 and 30483?
27
Calculate the greatest common factor of 223088 and 31536.
1168
What is the highest common divisor of 111 and 1036?
37
Calculate the highest common divisor of 18606 and 8862.
42
What is the highest common factor of 810 and 30?
30
Calculate the highest common factor of 79497 and 77.
11
Calculate the highest common divisor of 104 and 11908.
52
Calculate the highest common factor of 72 and 13524.
12
What is the highes